3)/18. Let u(q) = 9*q + 1. Let p be u(6). Calculate the highest common factor of p and w.
5
Let o(s) = -2*s**2 - 2*s + 117. Let i be o(0). What is the highest common factor of 13 and i?
13
Let u(o) = o**2 - 3*o - 1. Let q be u(4). Suppose 0 = q*w + 3, -2*w = 5*c + 3*w - 20. What is the greatest common factor of 15 and c?
5
Let b(i) = -i**3 + 5*i**2 - i - 2. Let l be b(3). Let f(w) = -6*w - 3. Let t be f(-3). Let x = 28 - t. Calculate the highest common factor of x and l.
13
Suppose 55 = 5*s - 0*s. Let d = 62 + -18. What is the highest common divisor of d and s?
11
Suppose f - 5 + 2 = 0. Let m = -5 - -20. What is the highest common divisor of f and m?
3
Let m = -25 + 26. Suppose 2*w - 3 = -w. What is the highest common factor of m and w?
1
Suppose -6*r = -5*r - 297. What is the highest common divisor of r and 33?
33
Suppose -w - 9 + 33 = 0. Let f be (-5)/(-1) - (-4 - -3). What is the highest common factor of w and f?
6
Let p(c) = -c**3 + 16*c**2 + 20*c - 7. Let l be p(17). Let b = 4 - 3. Let w be (2 + b)/((-9)/(-66)). What is the highest common divisor of w and l?
22
Suppose 2*x - 4*b = 64, 0 = x - 5*b + b - 40. Calculate the highest common divisor of x and 6.
6
Let y be -1 + 0/(-3) + 13. Let p be 1/((-3)/y) + 26. Calculate the highest common factor of 2 and p.
2
Let r = -19 - -9. Let h = 2 - r. Calculate the highest common divisor of h and 36.
12
Let k(t) = -t**3 - 12*t**2 - 17*t - 12. Let g be k(-11). What is the greatest common divisor of 6 and g?
6
Let l = 1 + -2. Let c be (-10)/l + (5 - 3). Let p be (8/c)/((-4)/(-54)). What is the highest common divisor of 9 and p?
9
Suppose 0 = -2*m + 113 + 97. What is the highest common divisor of 15 and m?
15
Let u(m) = -m**2 - 9*m - 12. Let q be u(-7). Let o = 186 - 122. Suppose -o = p - q*p. Calculate the greatest common divisor of 16 and p.
16
Let s(o) = -8*o**3 + o + 1. Let j be s(-2). Let r be (-45)/6*4/5. Let q = r - -13. What is the greatest common divisor of q and j?
7
Let v = 5 + -2. Suppose -5*h + 24 = 2*k - 0*h, 46 = v*k + 5*h. What is the greatest common factor of k and 33?
11
Let a be (-12)/(-36) - 2/(-3). Let i(t) = 44*t. Let m be i(a). Calculate the greatest common factor of m and 4.
4
Let t(o) be the first derivative of -o**4/4 - 13*o**3/3 + 7*o**2 + 12*o + 8. Let a be t(-14). What is the greatest common factor of 30 and a?
6
Let q = -15 - -54. Let z = 41 + -78. Let n = z - -63. Calculate the greatest common divisor of q and n.
13
Let g be 8/44 - 75/(-11). Let b be 14/4 + 1/2. Suppose 95 = b*s - 17. What is the greatest common divisor of s and g?
7
Suppose 4*i = -y + 29, -4*i - 11 = -2*y - 1. Calculate the greatest common divisor of y and 104.
13
Let s be 194*3/6 - 1. Let b be (12/(-5))/(((-5)/50)/1). What is the greatest common factor of s and b?
24
Let j(s) = s**3 - s**2 + 56. Let o be 0/(3 + -4) + 0. Let q be j(o). Calculate the highest common factor of 8 and q.
8
Let l(v) = v + 1. Let h be l(1). Let k be 1/(-2 + 15/6). Suppose -4*m = 2*z - 22, m - 17 = -k*z - 2*m. Calculate the greatest common factor of h and z.
1
Let l be (27/6)/((-1)/(-2)). Suppose -4*v + 29 - l = 0. Calculate the greatest common factor of 2 and v.
1
Let b = 74 - 50. What is the highest common divisor of b and 6?
6
Let o = 62 - 38. Calculate the greatest common divisor of o and 8.
8
Suppose 5*i - 229 = -2*n, -4*n + 90 = 2*i - 8. Calculate the greatest common divisor of i and 30.
15
Let z = -153 + 193. Suppose 5*x - 382 - 118 = 0. What is the highest common factor of z and x?
20
Let g = 46 - 31. Let s = -17 + 15. Let b(p) = -61*p - 2. Let q be b(s). What is the greatest common divisor of q and g?
15
Let u(n) = 8*n + 1. Let g be u(-1). Let p be (g/2)/(4/(-56)). Suppose -4*l - 2*s + p = 3, 4*l = 5*s + 53. Calculate the highest common divisor of l and 12.
12
Suppose -i + 3*i + 2*s - 20 = 0, -5*i + 52 = 4*s. Let w be (3 + -3 - -36)*1. What is the greatest common divisor of w and i?
12
Let j = -98 + 466. What is the greatest common factor of 46 and j?
46
Let q be -5 + 0 + 71 + 2. What is the greatest common divisor of q and 17?
17
Suppose r + 58 = 3*y, -3*y + 52 = -2*r + 7*r. Calculate the greatest common factor of y and 38.
19
Let l be (-4)/14 - (-37)/7. Suppose -5*p + 0*p + 21 = 4*g, -3*p - 4*g = -19. What is the highest common divisor of l and p?
1
Suppose 6*i - 78 = -2*v + i, 5*i = 4*v - 156. Suppose -5*n - v = -f + 21, 2*f - 150 = -5*n. Calculate the highest common divisor of f and 10.
10
Suppose 70 = 23*o - 18*o. Suppose i - 4*k - o = 14, 4*k = -2*i + 8. Suppose 5*b = d + d - 264, 0 = 3*b. Calculate the greatest common divisor of d and i.
12
Let t = -78 - -89. Calculate the greatest common factor of 209 and t.
11
Suppose 0 = -3*s + 21 + 24. Suppose m + 2*m - s = 0. Calculate the greatest common factor of 10 and m.
5
Let m(n) = 9*n**2 + 9*n**2 + 6*n**2. Let r be m(-2). What is the highest common factor of 24 and r?
24
Suppose 29 - 4 = q. Suppose 0*w - w + 10 = 0. Calculate the highest common factor of w and q.
5
Suppose -2*y + 22 = 3*h - 0, -4*h - 2*y = -28. What is the highest common factor of h and 6?
6
Let t(u) = -u**2 - u. Let m(v) = -7*v**2 - 4*v + 1. Let x(s) = -m(s) + 3*t(s). Let i be x(-2). What is the greatest common divisor of i and 26?
13
Let v(m) be the second derivative of 7*m**4/12 + m**3/6 + 7*m. Let z be v(2). Calculate the greatest common divisor of 3 and z.
3
Suppose -4*v + 11 = -2*g + 1, 0 = v - 4*g + 1. What is the greatest common divisor of v and 27?
3
Let k = 8 + -5. Let l be 2 + (k - 1) + 3. Suppose l*c - 216 = 3*c. What is the highest common factor of c and 18?
18
Suppose 26*w + 248 = 22*w. Let b = w + 127. What is the highest common divisor of b and 13?
13
Let q(u) = u**3 + 13*u**2 - 16*u - 10. Let k be q(-14). What is the highest common divisor of 2 and k?
2
Let b be (-51)/(-21) + (-9)/21. Suppose 0 = b*g - 5 - 1. Calculate the greatest common divisor of 9 and g.
3
Let p(l) = 5*l + 3. Let w be p(5). What is the highest common divisor of 7 and w?
7
Let n(f) = f**2 + 7*f - 12. Let z be n(-12). What is the highest common divisor of 120 and z?
24
Suppose 5*v = -0*v. Suppose v = -4*h - x + 360, h - 2*x = -3*x + 87. Calculate the greatest common factor of h and 13.
13
Let j be 4/16 + 27/4. Let c = 108 + -59. What is the greatest common factor of j and c?
7
Suppose -14*v = -13*v - 35. Calculate the greatest common factor of 140 and v.
35
Suppose -3 = s - 2*s. Suppose -u = s*u. Suppose 4*t + 5*k - 6*k - 31 = u, k + 22 = 3*t. Calculate the greatest common divisor of 9 and t.
9
Let u = 59 - 32. Calculate the highest common divisor of 9 and u.
9
Suppose 3 - 6 = -3*m. Let j be -1*(-4 + m)*9. Let s = -4 - -13. Calculate the highest common divisor of s and j.
9
Let r be (-1948)/(-18) - 18/81. Let x = -44 + 80. Suppose -x = 5*f - 5*g - 91, f + 4*g = 16. What is the greatest common factor of r and f?
12
Let g = 7 - -3. Let f be (-24)/60 + 254/g. Let l(i) = i**2 + 3*i - 3. Let t be l(-7). Calculate the highest common factor of f and t.
25
Let v(n) = n**3 + 8*n**2 + 4*n + 13. Let u be v(-9). Let p = u - -194. Calculate the highest common divisor of 10 and p.
10
Suppose 0 = -4*b - b + 140. What is the greatest common divisor of 42 and b?
14
Let t = 55 + -37. Calculate the greatest common divisor of 45 and t.
9
Let c = -16 - 60. Let w be c/(-6) - (-1)/3. Let q = w + -5. What is the highest common divisor of q and 1?
1
Let t = 35 - -9. What is the greatest common factor of t and 110?
22
Suppose -3*c + l + 14 = 0, 0 = 4*c - 2*c - l - 8. Let p be 6/2 + -1 + 0. Let f = p - 0. What is the highest common factor of f and c?
2
Let w = -11 + 19. Let c = 0 + 0. Suppose c = -r + 5*r - 16. What is the greatest common factor of r and w?
4
Let v be 30/(-20)*4/6. Let h be (v*64)/(-4) - -2. Calculate the greatest common divisor of h and 12.
6
Let s = -10 - -16. Suppose -67 = -3*g - 5*k, 0 = g + k - 3 - 20. What is the highest common factor of g and s?
6
Suppose 0*d + 3*d = 60. Let h be 4/6 + 1164/9. Suppose 0 = -i + 10 + h. Calculate the greatest common factor of d and i.
20
Suppose 2*s - 16 = 4. Calculate the greatest common divisor of 4 and s.
2
Suppose f = 5*u - 56, -u - 3 = -5*f - 19. Suppose -i - 4*i = -755. Suppose 2*x - 25 = i. What is the highest common divisor of u and x?
11
Let o be -1 - (-12)/(4/1). Calculate 